eatest common divisor of 50 and 297425.
25
Calculate the greatest common divisor of 17 and 752165.
17
What is the greatest common divisor of 4266 and 321?
3
Calculate the greatest common factor of 987 and 38619.
21
What is the highest common factor of 22582 and 182?
14
Calculate the greatest common factor of 23459 and 3.
1
Calculate the greatest common divisor of 32 and 36720.
16
What is the greatest common divisor of 818284 and 314?
314
What is the highest common divisor of 63882 and 2535?
507
What is the greatest common factor of 308 and 504427?
77
What is the greatest common divisor of 147 and 132447?
147
Calculate the greatest common factor of 268741 and 484.
121
What is the highest common factor of 500 and 34300?
100
Calculate the greatest common factor of 350250 and 450.
150
Calculate the highest common factor of 245 and 44198.
49
What is the highest common factor of 60456 and 21526?
458
Calculate the highest common divisor of 6200 and 14074.
62
Calculate the greatest common divisor of 30 and 92298.
6
What is the greatest common factor of 897 and 200889?
39
Calculate the greatest common factor of 9 and 19724.
1
Calculate the highest common divisor of 8 and 1528.
8
Calculate the highest common divisor of 3569 and 817.
43
What is the highest common factor of 160 and 3935?
5
What is the highest common factor of 170 and 15830?
10
What is the greatest common divisor of 47708 and 116?
4
What is the greatest common divisor of 3060 and 2820?
60
What is the greatest common divisor of 396 and 57189?
33
What is the highest common factor of 108110 and 6?
2
What is the greatest common factor of 278194 and 1736?
434
Calculate the greatest common factor of 2583 and 4346.
41
Calculate the greatest common factor of 36714 and 406.
58
What is the greatest common divisor of 1824 and 114?
114
What is the greatest common factor of 62 and 574368?
62
What is the greatest common factor of 128 and 4096?
128
What is the highest common factor of 3891968 and 128?
128
What is the highest common factor of 453 and 145111?
151
What is the highest common factor of 4298 and 31314?
614
Calculate the greatest common divisor of 354600 and 18.
18
Calculate the greatest common divisor of 1127 and 32844.
161
What is the greatest common divisor of 2 and 4689?
1
Calculate the greatest common divisor of 42 and 82887.
21
Calculate the highest common divisor of 144 and 3748716.
36
What is the greatest common divisor of 108274 and 559?
43
Calculate the highest common factor of 175 and 490525.
175
What is the highest common divisor of 318 and 506203?
53
Calculate the highest common divisor of 3137232 and 28.
28
Calculate the highest common factor of 822 and 102.
6
What is the highest common divisor of 523254 and 666?
222
Calculate the highest common divisor of 580412 and 38.
38
What is the highest common factor of 3572 and 74072?
188
Calculate the greatest common factor of 116 and 433724.
116
What is the greatest common divisor of 320 and 211320?
40
Calculate the greatest common factor of 1144 and 2926.
22
What is the greatest common factor of 292528 and 47?
47
What is the greatest common divisor of 7223 and 19572?
233
Calculate the greatest common divisor of 210 and 166362.
42
What is the greatest common divisor of 221056 and 6336?
704
What is the highest common factor of 3081870 and 4950?
990
What is the highest common divisor of 18 and 226170?
18
Calculate the greatest common divisor of 12 and 47562.
6
What is the highest common factor of 186 and 906?
6
What is the highest common divisor of 39 and 20248215?
39
What is the highest common divisor of 176 and 51488?
16
What is the highest common divisor of 5120 and 140?
20
What is the highest common divisor of 34 and 737511?
17
What is the greatest common factor of 43855 and 490?
245
What is the highest common divisor of 1989 and 95238?
117
What is the greatest common factor of 1083 and 1501?
19
What is the highest common divisor of 9881281 and 31?
31
Calculate the highest common divisor of 3414 and 6096.
6
What is the greatest common divisor of 34050 and 4650?
150
Calculate the highest common factor of 220779 and 333.
333
What is the highest common divisor of 107111 and 138?
23
Calculate the greatest common divisor of 158727 and 5055.
1011
Calculate the greatest common factor of 142564 and 348.
116
What is the highest common divisor of 1020 and 21570?
30
What is the greatest common divisor of 423 and 147627?
423
Calculate the greatest common factor of 15606 and 3417.
51
Calculate the highest common divisor of 38369 and 8296.
1037
Calculate the greatest common divisor of 19 and 143545.
19
What is the greatest common divisor of 8892 and 55404?
684
What is the highest common factor of 717 and 10990893?
717
What is the greatest common factor of 2244404 and 16?
4
Calculate the greatest common divisor of 817 and 2881.
43
Calculate the highest common divisor of 41124 and 228.
12
What is the greatest common factor of 334 and 8851?
167
What is the highest common factor of 321989 and 149?
149
Calculate the highest common divisor of 40 and 20225.
5
What is the greatest common divisor of 7100 and 357130?
710
What is the highest common divisor of 3013161 and 69?
69
What is the greatest common divisor of 1959 and 4774083?
1959
Calculate the greatest common factor of 168 and 3906.
42
Calculate the greatest common factor of 6528 and 498048.
384
Calculate the greatest common factor of 28567 and 10229.
53
Calculate the highest common factor of 1401 and 1082506.
467
What is the greatest common divisor of 46905 and 179655?
885
What is the greatest common divisor of 338 and 49946?
26
What is the greatest common factor of 26657 and 86925?
1159
What is the greatest common divisor of 301856 and 32?
32
Calculate the highest common factor of 12992 and 1106.
14
Calculate the highest common divisor of 20625 and 150.
75
What is the highest common factor of 12 and 201774?
6
What is the highest common factor of 480 and 446240?
160
What is the highest common divisor of 4169 and 40084?
11
Calculate the greatest common factor of 8073 and 3657.
69
What is the greatest common divisor of 127578 and 1584?
66
Calculate the greatest common divisor of 71448 and 156.
156
What is the greatest common factor of 38425 and 208025?
1325
Calculate the highest common factor of 363857 and 338.
169
What is the greatest common factor of 4728 and 1022430?
1182
What is the greatest common divisor of 88 and 24904792?
88
What is the highest common divisor of 68 and 39040?
4
Calculate the highest common factor of 4570440 and 840.
840
Calculate the highest common factor of 5 and 53465.
5
What is the highest common divisor of 62217 and 126?
9
Calculate the greatest common divisor of 792 and 25124.
44
What is the highest common divisor of 4626 and 58082?
514
What is the highest common divisor of 158802 and 105?
21
What is the greatest common factor of 2001311 and 13?
13
Calculate the highest common divisor of 125035 and 5.
5
Calculate the greatest common factor of 56 and 537698.
14
What is the highest common divisor of 2581 and 4?
1
Calculate the highest common divisor of 6367452 and 468.
156
Calculate the highest common factor of 3127 and 1298.
59
What is the highest common factor of 11125 and 250?
125
Calculate the highest common factor of 603 and 27.
9
Calculate the highest common factor of 738 and 7216.
82
Calculate the highest common factor of 2915 and 44255.
265
Calculate the greatest common factor of 268 and 62511.
67
Calculate the highest common factor of 1224 and 4131.
153
Calculate the highest common divisor of 62 and 17221926.
62
Calculate the greatest common divisor of 92591 and 2279.
53
What is the greatest common divisor of 1488 and 976?
16
Calculate the highest common divisor of 153 and 18.
9
What is the greatest common factor of 469 and 107401?
469
What is the highest common factor of 24950 and 40100?
50
What is the highest common divisor of 20048 and 160?
16
What is the greatest common factor of 106641 and 369?
369
Calculate the greatest common factor of 168229 and 29.
29
What is the highest common factor of 2119 and 3133?
13
Calculate the greatest common divisor of 47 and 956873.
47
What is the highest common factor of 99 and 49918?
11
Calculate the greatest common diviso